5399867 composite?
True
Is 5304889483 prime?
False
Is 22246917974 prime?
False
Is 85256829787 prime?
True
Is 2219640557 a prime number?
False
Is 15049475689 composite?
True
Is 1842739354 a prime number?
False
Is 30951121 a composite number?
False
Is 21923595263 a prime number?
True
Is 19113887531 composite?
True
Is 1288728263 composite?
True
Is 60041348953 a prime number?
True
Is 3926498 a prime number?
False
Is 46119980651 composite?
True
Is 1565020703 a composite number?
False
Is 2558865709 composite?
True
Is 270907909 prime?
False
Is 21062165807 composite?
False
Is 1653367967 a composite number?
True
Is 152861989133 prime?
False
Is 739800731 prime?
True
Is 114030623 a prime number?
False
Is 686702189 a prime number?
False
Is 7434301951 a prime number?
True
Is 23618440927 a prime number?
True
Is 418340903 prime?
True
Is 2598226243 a composite number?
False
Is 902766751 a composite number?
False
Is 610363181 a prime number?
True
Is 21046242163 composite?
False
Is 48786777947 composite?
True
Is 7872983785 prime?
False
Is 3441310631 a composite number?
True
Is 109030199 composite?
False
Is 486975367 composite?
False
Is 9226659799 a prime number?
False
Is 460277893 prime?
True
Is 3161308477 composite?
True
Is 90547867 prime?
True
Is 294063347 composite?
False
Is 92301557 a prime number?
True
Is 18483259 a composite number?
True
Is 545629389 prime?
False
Is 3252469469 a composite number?
False
Is 30023162593 composite?
True
Is 659647631 composite?
False
Is 433603829 prime?
True
Is 2168070623 composite?
True
Is 685837297 composite?
True
Is 111471821683 composite?
False
Is 2606590403 a composite number?
True
Is 44170097623 a composite number?
False
Is 1139174915 composite?
True
Is 3331158559 prime?
False
Is 22650920917 prime?
False
Is 12168270007 prime?
False
Is 6202313497 a composite number?
False
Is 15327774067 composite?
False
Is 46076719433 a prime number?
True
Is 12426427963 prime?
False
Is 10246879658 composite?
True
Is 1222274819 composite?
True
Is 41240027 a composite number?
False
Is 1210556117 a composite number?
False
Is 15575142371 a composite number?
True
Is 18159026449 a composite number?
False
Is 4838110579 a composite number?
False
Is 820409827 a prime number?
False
Is 4012620133 composite?
True
Is 95083171213 a composite number?
False
Is 27018342271 a prime number?
False
Is 13413508103 a prime number?
True
Is 11515036859 a composite number?
False
Is 75629033 a composite number?
True
Is 148660847 a composite number?
True
Is 3916583941 a composite number?
True
Is 74263532773 a prime number?
False
Is 8202738889 prime?
True
Is 555115387 prime?
True
Is 7441243757 composite?
True
Is 580795451 composite?
False
Is 155015513461 a prime number?
False
Is 7269339431 a prime number?
True
Is 66015410351 prime?
False
Is 61330606307 composite?
False
Is 159581972489 a prime number?
False
Is 992079721 prime?
False
Is 68294555639 composite?
True
Is 17842777151 a composite number?
False
Is 294435041 prime?
False
Is 108885277 a composite number?
True
Is 7143391219 prime?
False
Is 198558370069 a composite number?
False
Is 215558557 composite?
False
Is 1084181881 prime?
False
Is 44116231853 composite?
True
Is 3367345979 a composite number?
True
Is 278476445869 composite?
False
Is 429872671 a composite number?
False
Is 101636434761 a prime number?
False
Is 37268188231 prime?
False
Is 86140757 composite?
False
Is 1168398251 a prime number?
False
Is 1104448747 prime?
True
Is 125164983269 a prime number?
True
Is 512710015 a prime number?
False
Is 14524751027 prime?
True
Is 4729078913 a composite number?
True
Is 266476939 a prime number?
False
Is 25385097703 a prime number?
False
Is 2080097783 composite?
True
Is 12112651657 composite?
True
Is 94372464673 a prime number?
False
Is 569792911 prime?
False
Is 65554447339 prime?
True
Is 2879751577 a composite number?
True
Is 8596971545 a composite number?
True
Is 5057798 composite?
True
Is 18960087617 a composite number?
True
Is 1084183049 prime?
False
Is 1192959067 prime?
False
Is 20829493031 a composite number?
False
Is 42184613551 a prime number?
True
Is 14075589949 prime?
True
Is 6375571739 a composite number?
False
Is 15873798023 composite?
False
Is 769260707 composite?
False
Is 2365273111 a composite number?
True
Is 1695338419 composite?
True
Is 818509309 a composite number?
False
Is 91917668317 a composite number?
False
Is 1748650019 a composite number?
False
Is 3670822217 prime?
True
Is 56987290319 prime?
True
Is 1572536639 composite?
True
Is 106675111099 a prime number?
False
Is 17305480751 composite?
True
Is 77890801 prime?
False
Is 102969973489 a composite number?
True
Is 24692824801 a prime number?
True
Is 2146512827 a prime number?
True
Is 19315601023 prime?
True
Is 4234849771 composite?
True
Is 12416817857 prime?
False
Is 10729075163 a composite number?
False
Is 1346378401 a prime number?
False
Is 42984755357 a prime number?
False
Is 382506401 a composite number?
False
Is 78202014497 a prime number?
False
Is 1568983513 a prime number?
False
Is 39460027 a prime number?
False
Is 28039013 a composite number?
False
Is 1493285291 prime?
True
Is 1218637279 prime?
True
Is 546090121 composite?
True
Is 217349351 a prime number?
False
Is 4600591889 a prime number?
False
Is 134821665283 a composite number?
True
Is 822670483 composite?
True
Is 1304262397 a prime number?
False
Is 192555841 a prime number?
True
Is 69491907347 a composite number?
False
Is 2744812049 prime?
False
Is 274138483 a prime number?
True
Is 16154248879 composite?
False
Is 169058311 a composite number?
True
Is 528203153 prime?
False
Is 11816898911 composite?
True
Is 352808857733 prime?
True
Is 189183193 prime?
True
Is 5541583981 prime?
True
Is 1630538537 prime?
False
Is 183155821 composite?
True
Is 13502911151 a prime number?
False
Is 1596487199 a composite number?
False
Is 102246493 composite?
True
Is 458973167 a composite number?
True
Is 71316113357 a prime number?
True
Is 60785569 a prime number?
False
Is 2676233537 a composite number?
False
Is 1098209393 a prime number?
False
Is 11116476113 a composite number?
True
Is 5627902417 a composite number?
True
Is 1035130567 a prime number?
False
Is 121391531 composite?
False
Is 140803081 a prime number?
True
Is 407317181 a prime number?
False
Is 309534362 a composite number?
True
Is 559452917 a composite number?
False
Is 8501483681 a composite number?
True
Is 64428926623 a prime number?
True
Is 738501551 composite?
False
Is 17313054149 a composite number?
False
Is 56686130647 composite?
True
Is 294806549 prime?
False
Is 745191257 prime?
True
Is 1865599381 prime?
False
Is 13179623687 composite?
True
Is 11487914953 composite?
False
Is 10122413771 a composite number?
True
Is 8326995619 a prime number?
True
Is 120438533 composite?
True
Is 66595116737 prime?
False
Is 11511025837 a composite number?
False
Is 3040162933 prime?
False
Is 6682410101 a prime number?
True
Is 80233100239 a prime number?
False
Is 1938542167 a composite number?
False
Is 28377089087 a composite number?
False
Is 1581241391 a composite number?
False
Is 1611456071 composite?
False
Is 200090903 prime?
True
Is 733637059 composite?
False
Is 449228959 prime?
True
Is 66939647 prime?
True
Is 4046652937 prime?
True
Is 24488190143 a composite number?
False
Is 12899976211 a composite number?
True
Is 192151246933 a prime number?
False
Is 2596705637 composite?
False
Is 21766363807 composite?
False
Is 20607227243 a composite number?
False
Is 77849489 prime?
False
Is 23607015886 prime?
False
Is 5391671029 composite?
True
Is 1382947673 a prime number?
False
Is 385985311 a prime number?
False
Is 2477890189 a prime number?
False
Is 26661072359 prime?
True
Is 112190399 a prime number?
True
Is 19971101707 composite?
False
Is 212326726513 a prime number?
False
Is 35962449421 a prime number?
True
Is 16927264399 a prime number?
True
Is 3978035189 prime?
True
Is 82484705081 a composite number?
True
Is 41792822 a prime number?
False
Is 968788679 a prime number?
True
Is 4642770113 a composite number?
False
Is 29439157379 composite?
False
Is 5633883817 composite?
False
Is 1797606857 a composite number?
False
Is 44624354399 prime?
True
Is 1040887153 a composite number?
False
Is 439618637 a composite number?
True
Is 478648097 a prime number?
True
Is 89